n divisor of 2002 and 196898?
26
What is the highest common factor of 45443244 and 26257?
847
What is the greatest common factor of 579915048 and 32613?
4659
Calculate the highest common factor of 1776737 and 76983.
383
Calculate the highest common factor of 34293 and 186117909.
4899
What is the greatest common factor of 15000724 and 596?
596
Calculate the greatest common factor of 7566 and 558161474.
2522
What is the highest common factor of 11683284 and 2052?
12
Calculate the highest common divisor of 1400 and 1040704.
56
Calculate the highest common factor of 36549811 and 42877.
809
What is the highest common divisor of 25542 and 3778797?
1419
Calculate the highest common factor of 556218 and 1152.
18
What is the greatest common divisor of 9950 and 89375?
25
What is the highest common factor of 2379 and 2201673?
183
What is the highest common divisor of 653795410 and 10?
10
Calculate the highest common factor of 15874989 and 8388.
699
What is the highest common factor of 382617755 and 65?
65
Calculate the highest common factor of 296992839 and 22.
11
What is the greatest common divisor of 37525730 and 40?
10
What is the highest common divisor of 902506 and 330?
22
Calculate the highest common divisor of 73305 and 26865.
135
What is the greatest common factor of 9775788 and 682?
682
Calculate the greatest common factor of 6758243 and 38.
19
What is the highest common divisor of 76621546 and 9070?
1814
What is the highest common divisor of 14011092 and 4?
4
What is the greatest common divisor of 493 and 1382401?
29
What is the highest common divisor of 4836664 and 56?
56
Calculate the greatest common divisor of 37107 and 24887079.
1953
What is the highest common divisor of 485926 and 41846?
854
What is the highest common divisor of 252 and 380029104?
252
Calculate the highest common divisor of 23807 and 882721.
133
Calculate the highest common factor of 957 and 401474898.
957
What is the highest common divisor of 440800 and 904?
8
What is the highest common factor of 1520245118 and 1778?
1778
What is the highest common divisor of 10394976 and 9804?
228
Calculate the highest common factor of 50792248 and 39.
13
Calculate the greatest common factor of 1620727 and 35456.
277
What is the greatest common factor of 31602534 and 6?
6
Calculate the greatest common factor of 116160 and 36096.
192
Calculate the highest common factor of 94617853 and 55.
11
What is the greatest common divisor of 84294900 and 71575?
10225
What is the highest common factor of 68300720 and 2280?
40
What is the highest common factor of 130568 and 65512?
152
What is the highest common factor of 1928 and 1904?
8
Calculate the greatest common divisor of 7326 and 2827096.
74
Calculate the highest common factor of 86160369 and 1104.
69
What is the highest common divisor of 238 and 17311287?
119
What is the highest common factor of 202930 and 2275?
455
Calculate the highest common factor of 3630 and 17734200.
330
What is the greatest common divisor of 15406611 and 4246?
2123
What is the highest common factor of 39 and 8410155?
39
Calculate the greatest common divisor of 148125 and 425415.
1185
Calculate the greatest common divisor of 73942077 and 429.
33
Calculate the greatest common divisor of 7239156 and 258.
6
What is the highest common divisor of 1396 and 14359954?
698
What is the greatest common divisor of 20485413 and 702?
351
Calculate the greatest common factor of 204521845 and 4202.
2101
Calculate the highest common divisor of 91 and 819767.
13
Calculate the greatest common factor of 78166 and 4117604.
646
Calculate the greatest common factor of 17112 and 160426426.
1426
What is the highest common factor of 53 and 29021899?
53
What is the highest common divisor of 7257 and 1192803?
177
What is the highest common divisor of 2140 and 14450029?
107
Calculate the highest common divisor of 14313054 and 420.
42
Calculate the greatest common divisor of 536 and 220112.
8
What is the greatest common factor of 1319490 and 10044?
162
Calculate the greatest common factor of 1435 and 2576350.
35
Calculate the greatest common factor of 9248525 and 3718.
1859
What is the highest common divisor of 858 and 1167023?
143
What is the highest common factor of 319 and 1685567?
29
What is the highest common factor of 174 and 5351457?
87
What is the greatest common factor of 24477854 and 1186?
1186
What is the greatest common factor of 4962221 and 134?
67
Calculate the greatest common factor of 2962998 and 2622.
138
Calculate the greatest common divisor of 105 and 645405.
15
What is the highest common divisor of 100 and 3020222?
2
Calculate the greatest common factor of 1034841 and 721.
103
What is the greatest common factor of 19471743 and 9?
9
What is the greatest common divisor of 2439702 and 3933?
207
Calculate the highest common divisor of 27081 and 1860291.
9
What is the greatest common factor of 10600 and 414140?
20
Calculate the highest common divisor of 2993 and 5137010.
73
Calculate the greatest common divisor of 232413181 and 18249.
6083
What is the greatest common divisor of 4397 and 1360950646?
4397
What is the highest common divisor of 53836 and 132483?
43
Calculate the greatest common divisor of 872 and 8371854.
218
What is the highest common factor of 49068 and 2059?
29
What is the highest common factor of 8 and 903091496?
8
What is the highest common factor of 232041877 and 29579?
2689
What is the greatest common divisor of 475609 and 400061?
1717
Calculate the highest common factor of 1808 and 3307736.
904
What is the highest common divisor of 3056781650 and 2665?
2665
What is the greatest common factor of 30 and 98160630?
30
Calculate the greatest common factor of 1714565584 and 32.
16
Calculate the highest common divisor of 322889 and 4541.
239
Calculate the highest common divisor of 1539 and 41593869.
171
What is the highest common factor of 394412 and 93620?
604
Calculate the highest common factor of 764 and 74857.
1
What is the greatest common divisor of 34372 and 204074496?
2644
Calculate the greatest common divisor of 220358 and 100619.
239
What is the highest common factor of 1067109 and 76983?
201
What is the highest common divisor of 275102 and 16616?
134
Calculate the greatest common factor of 1099 and 24638795.
157
What is the highest common divisor of 320125 and 619762?
2561
Calculate the highest common divisor of 362673 and 1841368.
683
What is the greatest common factor of 77 and 258435254?
77
What is the greatest common factor of 2 and 16966738?
2
What is the highest common factor of 108 and 138010956?
12
What is the greatest common factor of 3137105 and 3688?
461
Calculate the highest common divisor of 4428676 and 4432.
1108
What is the greatest common factor of 6345520 and 560?
80
What is the highest common divisor of 18924 and 181431?
57
Calculate the highest common divisor of 65 and 433330.
5
Calculate the highest common factor of 1148 and 1084634992.
1148
What is the greatest common divisor of 59564952 and 707?
101
Calculate the greatest common factor of 7788 and 2837736.
132
What is the highest common divisor of 789619 and 615?
41
What is the greatest common divisor of 72036 and 9374076?
3132
Calculate the greatest common factor of 25332414 and 6.
6
Calculate the greatest common factor of 663 and 2550102.
51
Calculate the highest common factor of 1573055 and 2035.
2035
Calculate the greatest common divisor of 533870 and 181240.
1970
Calculate the greatest common divisor of 25515681 and 2997.
111
Calculate the highest common divisor of 13374688 and 64.
32
Calculate the greatest common factor of 696 and 1237720.
232
Calculate the greatest common divisor of 220241 and 1583925.
3017
What is the greatest common divisor of 2920236 and 648?
12
Calculate the highest common divisor of 1119647873 and 20751.
6917
What is the highest common divisor of 9024 and 24506176?
3008
What is the highest common factor of 2391 and 4255243572?
2391
What is the highest common divisor of 24207762 and 782?
34
What is the highest common divisor of 57717 and 26407161?
1089
What is the highest common factor of 10758787 and 13?
13
Calculate the greatest common factor of 478873 and 1102246.
289
Calculate the greatest common factor of 12 and 9215754.
6
What is the highest common fact